 divisor of 28 and 658.
14
Calculate the greatest common divisor of 7 and 21.
7
What is the greatest common factor of 105 and 70?
35
Calculate the greatest common factor of 155 and 62.
31
Calculate the greatest common factor of 24 and 40.
8
Calculate the highest common factor of 15 and 980.
5
What is the greatest common factor of 2553 and 621?
69
Calculate the highest common factor of 459 and 34.
17
What is the highest common factor of 110 and 1782?
22
Calculate the greatest common divisor of 1025 and 75.
25
What is the greatest common factor of 203 and 133?
7
What is the highest common divisor of 55 and 2695?
55
What is the greatest common factor of 1125 and 405?
45
Calculate the greatest common factor of 1045 and 171.
19
Calculate the greatest common factor of 3936 and 123.
123
What is the highest common factor of 1127 and 92?
23
What is the highest common factor of 440 and 70?
10
Calculate the greatest common factor of 91 and 7.
7
What is the greatest common factor of 19925 and 75?
25
What is the highest common divisor of 435 and 348?
87
What is the highest common factor of 423 and 376?
47
What is the highest common divisor of 30 and 66?
6
Calculate the greatest common divisor of 112 and 42.
14
What is the highest common factor of 32 and 272?
16
What is the highest common factor of 18837 and 23?
23
Calculate the greatest common divisor of 1644 and 12.
12
Calculate the greatest common factor of 51 and 4675.
17
What is the highest common factor of 14 and 266?
14
Calculate the greatest common divisor of 1316 and 238.
14
Calculate the highest common divisor of 288 and 486.
18
What is the greatest common factor of 170 and 1989?
17
What is the greatest common factor of 9 and 1?
1
What is the greatest common factor of 3100 and 260?
20
Calculate the greatest common factor of 36 and 156.
12
Calculate the greatest common divisor of 524 and 8.
4
Calculate the highest common factor of 2185 and 230.
115
What is the highest common factor of 17 and 799?
17
Calculate the greatest common factor of 1472 and 46.
46
What is the highest common divisor of 27 and 81?
27
What is the highest common divisor of 60 and 2460?
60
What is the highest common divisor of 1605 and 240?
15
Calculate the greatest common factor of 320 and 64.
64
What is the highest common factor of 199 and 3?
1
Calculate the greatest common factor of 160 and 112.
16
Calculate the greatest common divisor of 1274 and 1638.
182
What is the greatest common factor of 10 and 80?
10
What is the greatest common factor of 1407 and 21?
21
Calculate the greatest common factor of 39 and 143.
13
What is the highest common factor of 9 and 360?
9
Calculate the highest common factor of 245 and 2660.
35
Calculate the greatest common factor of 7 and 3.
1
What is the highest common factor of 343 and 49?
49
Calculate the highest common factor of 658 and 126.
14
What is the greatest common factor of 1325 and 450?
25
Calculate the highest common factor of 177 and 12.
3
What is the greatest common divisor of 252 and 144?
36
What is the greatest common factor of 9 and 16938?
9
Calculate the greatest common divisor of 5270 and 62.
62
What is the highest common divisor of 75 and 9?
3
What is the highest common factor of 44 and 198?
22
What is the greatest common divisor of 168 and 420?
84
What is the greatest common factor of 144 and 304?
16
Calculate the greatest common factor of 108 and 624.
12
What is the highest common divisor of 110 and 10?
10
Calculate the greatest common divisor of 5988 and 2.
2
Calculate the greatest common divisor of 6 and 915.
3
Calculate the highest common factor of 18 and 1827.
9
Calculate the highest common factor of 2892 and 12.
12
Calculate the highest common factor of 1015 and 42.
7
Calculate the greatest common factor of 8050 and 50.
50
Calculate the greatest common factor of 6499 and 97.
97
What is the highest common factor of 1480 and 250?
10
Calculate the highest common divisor of 6726 and 114.
114
Calculate the greatest common divisor of 564 and 12.
12
What is the greatest common factor of 494 and 481?
13
What is the highest common divisor of 1254 and 264?
66
What is the greatest common divisor of 25 and 1?
1
What is the highest common divisor of 27 and 3357?
9
Calculate the highest common factor of 242 and 682.
22
What is the greatest common divisor of 7631 and 13?
13
What is the greatest common divisor of 128 and 640?
128
Calculate the highest common factor of 775 and 75.
25
What is the highest common divisor of 33 and 21?
3
Calculate the greatest common divisor of 781 and 213.
71
What is the greatest common factor of 2232 and 120?
24
Calculate the greatest common factor of 123968 and 32.
32
What is the greatest common divisor of 80 and 4880?
80
Calculate the greatest common divisor of 65 and 1105.
65
Calculate the greatest common factor of 3317 and 62.
31
What is the greatest common factor of 384 and 12?
12
Calculate the highest common factor of 86 and 118.
2
What is the greatest common divisor of 272 and 128?
16
What is the highest common factor of 9 and 576?
9
Calculate the greatest common factor of 1102 and 190.
38
What is the highest common divisor of 36 and 16476?
12
What is the greatest common factor of 3 and 103?
1
Calculate the greatest common divisor of 1920 and 312.
24
Calculate the highest common factor of 3260 and 30.
10
What is the greatest common factor of 54 and 18126?
18
What is the greatest common factor of 1813 and 2009?
49
What is the highest common divisor of 247 and 13?
13
Calculate the highest common divisor of 51 and 459.
51
What is the greatest common divisor of 112 and 406?
14
Calculate the greatest common factor of 3277 and 29.
29
What is the greatest common divisor of 8492 and 220?
44
Calculate the greatest common factor of 273 and 455.
91
What is the highest common divisor of 4662 and 126?
126
What is the highest common divisor of 132 and 891?
33
What is the greatest common factor of 522 and 234?
18
What is the highest common divisor of 65636 and 244?
244
What is the greatest common factor of 204 and 17?
17
Calculate the greatest common factor of 154 and 1298.
22
Calculate the highest common divisor of 47 and 16967.
47
What is the greatest common divisor of 4 and 508?
4
Calculate the greatest common divisor of 53 and 424.
53
Calculate the greatest common divisor of 1107 and 82.
41
Calculate the highest common factor of 3 and 146.
1
What is the greatest common divisor of 550 and 20?
10
What is the highest common factor of 253 and 11?
11
What is the greatest common factor of 24 and 60?
12
Calculate the highest common divisor of 288 and 324.
36
What is the greatest common divisor of 132 and 13772?
44
What is the greatest common factor of 4122 and 18?
18
Calculate the greatest common divisor of 6372 and 1652.
236
What is the greatest common divisor of 15 and 615?
15
What is the highest common divisor of 112 and 64?
16
What is the greatest common factor of 308 and 1988?
28
What is the greatest common divisor of 7100 and 225?
25
Calculate the highest common factor of 40 and 188.
4
What is the greatest common divisor of 11916 and 9?
9
What is the greatest common factor of 117 and 156?
39
Calculate the greatest common divisor of 627 and 616.
11
What is the greatest common factor of 26 and 7371?
13
Calculate the greatest common factor of 50 and 30.
10
What is the highest common divisor of 12 and 96?
12
Calculate the highest common divisor of 1265 and 847.
11
Calculate the highest common factor of 14660 and 20.
20
What is the highest common factor of 1593 and 27?
27
What is the greatest common divisor of 17731 and 34?
17
Calculate the greatest common divisor of 11 and 11.
11
What is the greatest common divisor of 15 and 6225?
15
What is the greatest common divisor of 210 and 2490?
30
What is the greatest common factor of 476 and 595?
119
What is the highest common factor of 33 and 1056?
33
What is the greatest common factor of 1615 and 527?
17
What is the highest common factor of 57 and 703?
19
What is the greatest common factor of 6237 and 231?
231
Calculate the greatest common factor of 156 and 364.
52
Calculate the highest common factor of 88 and 1584.
88
Calculate the greatest common factor of 556 and 2363.
139
What is the greatest common divisor of 312